8*p**2 + 7*p. Let a be u(9). Is i(a) a composite number?
False
Let p(f) = -f**3 - 10*f**2 + 4*f + 29. Let v be p(-12). Suppose -48 = r - v. Is r prime?
False
Let v(c) = -c**3 + 14*c**2 - 7*c - 20. Let x be v(10). Let b = 651 + x. Is b composite?
True
Suppose 17*z = 36*z - 957847. Is z prime?
False
Is 1099 - 4/12*-6 a composite number?
True
Suppose -34*l + 30*l = -8. Suppose 2*w - y - 746 = -114, 2*y + 630 = l*w. Is w composite?
False
Suppose -15 = -4*m - 3. Suppose m*v - 2 = -s - 11, -4*v = 3*s + 7. Suppose -4*d - 4*u + 8*u + 240 = 0, -4*d - s*u = -226. Is d a prime number?
False
Let d be 440/(-36) - (-4)/18. Let g(o) = -29*o + 29. Is g(d) a composite number?
True
Suppose -2*n - m = -6270, 5*n = 3*m + 9539 + 6158. Is n prime?
True
Suppose 0 = 4*p + 2*v, 4*v + 0*v = -16. Let i be -3 + 697 + 0/p. Let k = i - 387. Is k composite?
False
Suppose 8*r = 315105 + 104839. Is r a composite number?
True
Suppose 3*a + 7632 = -a - 2*q, 5*a + 9527 = 4*q. Let x = 336 - a. Is x a composite number?
False
Suppose 5*l - 716 = -4*p, -p - 3*l + 179 = -l. Is p composite?
False
Is 46/(-414) - 240922/(-9) a prime number?
False
Let h(w) = 5*w**2 + 10*w + 7. Let f be h(9). Suppose f = 4*l - g - 2*g, 5*l - 3*g = 629. Is l composite?
False
Let b = 934 + -1472. Let a = -135 - b. Is a a prime number?
False
Let g(b) = b**3 - 3*b**2 - 8*b + 5. Let y = -11 - -16. Let s be g(y). Is 6/s + (-2753)/(-5) a composite number?
True
Let y(v) be the second derivative of 17*v**3/2 + 4*v**2 + 6*v. Is y(9) a prime number?
True
Let u(f) = 3*f**3 - 14*f**2 - 6*f - 11. Is u(6) a prime number?
True
Let u(w) = w + 21. Let t be u(-18). Suppose 2*m - 815 = -3*m - 5*a, 2*m - t*a = 301. Is m composite?
True
Suppose 3*q - 2659 = -4*c - 0*q, 5*c + 5*q - 3320 = 0. Is c a composite number?
True
Is -65*(5 + (-3136)/10) a prime number?
False
Let y = -1565 + 3366. Is y composite?
False
Let y(m) = -4*m + 14*m**2 + 2*m + m**3 - 5*m - 19. Is y(-12) a prime number?
True
Suppose 13*o + 446900 - 1314351 = 0. Is o a prime number?
False
Let r(l) = -l**2 - 5*l + 2. Let b be r(-5). Suppose -5*k - 30 = b*c + 6, -10 = 2*k + 3*c. Let g = k - -10. Is g composite?
False
Let t(n) = -2*n + 11. Let p be t(4). Suppose -p*h - 4*h = -1001. Is h a composite number?
True
Is 580 + 5/(-5)*-7 prime?
True
Let z be ((-3)/2)/((-36)/480). Is (-142)/(((-32)/z)/4) prime?
False
Let h(r) = 234*r**3 + r. Suppose 0*j + 4*j - 4 = 0. Is h(j) a prime number?
False
Let c = 215 - 72. Is c prime?
False
Let a = -824 - -438. Let m = 395 - a. Is m a composite number?
True
Let w(y) = 1058*y + 3. Let b be w(4). Suppose -2*c + 10 = 3*c, 3*k + c - b = 0. Is k prime?
False
Let q(v) = 30 - 28 - 23 + 12*v**2 - v**3 + 12*v. Is q(10) composite?
True
Let d be 2 - (3/21 + 17362/(-14)). Is (-4)/10 - (-3 - d/5) a prime number?
True
Let d = -18 + 21. Is (d/((-15)/(-127)))/((-2)/(-10)) a prime number?
True
Suppose 6*h = 2*h - x + 123, -2*h = 3*x - 49. Suppose 2*u - h = 126. Is u prime?
True
Suppose i + i = 0, 5*i - 60 = -5*j. Let r = 22 - j. Is r/45 - (-842)/18 a composite number?
False
Let t be ((-14)/(-4))/7 - (-351)/6. Let k = -12 + t. Is k prime?
True
Suppose 0 = -5*w - w + 5796. Suppose z + 3*l = w, 2*z + l + l - 1928 = 0. Suppose -3*y + z = 2*d, -d - y - 73 = -557. Is d composite?
True
Let s(i) = i**2 - 14. Let r be s(-4). Is 1/2 + 618*r/8 a prime number?
False
Suppose -130053 - 32867 = -20*c. Is c prime?
False
Suppose 8*g + 12 = 5*g. Let z(d) = 104*d**2 + 5*d + 7. Is z(g) a composite number?
True
Let b be (-8)/(-10) + (-8)/10. Suppose b*l - l - 130 = -2*g, -5*l + 169 = 3*g. Is (-3313)/(-7) + (-18)/g prime?
False
Let s = -2 + 20. Suppose -5*v - 3 = -s. Suppose 6 = z + v, 5*y - 2*z = 1049. Is y a composite number?
False
Suppose -4*m + 313 = -51. Let s = m - -20. Is s prime?
False
Suppose -9*t = -10*t + 57809. Is t prime?
True
Let m(q) = -q**3 + 2*q**2 + q + 1. Let l be (2 + -2)/(-3) + 2. Let h be m(l). Suppose 3*g + 4*d - 155 = 0, -g + h*d + 2*d + 58 = 0. Is g a prime number?
True
Let c(k) = -k**3 - 13*k**2 - 16*k - 18. Let y be c(-12). Let z = y + -22. Suppose -6*b + z*b - 614 = 0. Is b a composite number?
False
Let y(o) = -o. Let f be y(-5). Suppose 2*z + 4*g - 426 = 1160, f*g = 5*z - 3950. Is z composite?
True
Let m(y) = -4. Let a(f) = f - 1. Let l(x) = 20*a(x) - m(x). Let q be l(-11). Is 3/((-714)/q + -3) prime?
False
Suppose 0*f + 77 = f. Suppose -m - 2*x + 146 = 0, -m + f = -5*x - 48. Suppose 0 = -o + m - 49. Is o a composite number?
True
Suppose -3*b + 6 = -c, 2*b = -2*b + c + 9. Let g be (-70)/b*-1*3. Suppose x - g = 12. Is x a prime number?
False
Let w be (-4200)/(-6) - 0/2. Suppose 103 = -3*t + w. Is t a prime number?
True
Suppose 4*u + 2*f = -426 + 7558, -3*f + 5349 = 3*u. Is u a composite number?
False
Is 8696 + 21 + (-4)/(4/3) a prime number?
False
Suppose -c + 3 = 0, -5*f - 4*c = c - 7075. Suppose -722 = -2*s + 3*b, 3*s + s - f = -2*b. Is s a prime number?
False
Let u be -208*(-3)/2 - 3/(-1). Let t(w) = 44*w + 1. Let q be t(4). Suppose -4*a + u = -q. Is a composite?
True
Is 12/96 - 8071/(-8) composite?
False
Let a be (93/2)/(1/6). Suppose -3*s - 2*c = -3*c - 424, -3*c + a = 2*s. Is s prime?
False
Let k(a) = a**2 + 11*a - 22. Let l be k(-13). Is 7*(4/l + 78) a prime number?
False
Is 1*(1 - 2/1)*-3386 a prime number?
False
Suppose 191*c - 187*c - 25868 = 0. Is c composite?
True
Let k(v) be the third derivative of -v**4/24 + 3*v**3/2 + 7*v**2. Let q(y) = -y**2 - y + 1. Let d(z) = k(z) - 2*q(z). Is d(10) composite?
True
Suppose 9 = z - 2*f + 3, -5*z + 5 = -5*f. Is ((-2)/(-1))/(z/(-470)) composite?
True
Let r(n) = 506*n + 219. Is r(16) a composite number?
True
Suppose 3*l - 5*r = 2884, l - 101 - 851 = -3*r. Is l a prime number?
False
Let a = 39774 + -15265. Is a composite?
False
Let j(o) = o**3 - 3*o**2 - 3*o - 2. Let h be j(4). Is (-1)/2*(h + -180) a composite number?
False
Let h = 4579 - 2528. Is h a prime number?
False
Suppose -11*t + 150139 = -0*t. Is t a prime number?
True
Suppose 4*s = 2*t - 1100, -t - 134 = s + 135. Let y = 44 + s. Is y/(-2) + 3/6 a prime number?
False
Let n be (-44)/4*(-1)/1. Suppose 0 = -3*v - x - n, 4*v + 15 = 2*x - 13. Is (5/(-2))/v*746 a prime number?
True
Suppose 0 = -5*k - 5*b + 25, -5 = -k - 2*b + 5. Suppose -3*f + 2450 = -4*y + 5*y, k = y - 4*f - 2457. Is y prime?
False
Suppose -489297 = -22*h + 32565. Is h a prime number?
False
Let q be -3 + (-1 - -4) - -2. Suppose -3*p + 875 = -5*k, -4*k + 893 = p + q*p. Is p a prime number?
False
Suppose 2*n + 577 = 5*k, -2*k - 4*n = -13 - 213. Suppose -3*u - 4*t = -k - 95, -2*t = -2*u + 154. Is (-1)/(220/u + -3) composite?
False
Suppose -12218 = -u + 820. Suppose 11*j + 5*f - 13034 = 7*j, u = 4*j + 3*f. Is j composite?
True
Let c = 23 - 33. Is (-1*422)/(c/5) composite?
False
Is (-25)/((-325)/(-78)) - -20855 a composite number?
False
Suppose 28*n + 16 = 32*n. Suppose -2*r = 5*f - 959, -581 = f - 4*f - n*r. Is f composite?
False
Is 2452/2*(-629)/(-34) + 0 a composite number?
True
Let k(z) = z**3 + 5*z**2 - 6*z + 5. Let a be k(-6). Suppose -1468 - 27 = a*t. Let l = t + 510. Is l composite?
False
Let p(h) be the first derivative of 127*h**4/12 - 2*h**3/3 - 2*h**2 - h - 9. Let u(x) be the first derivative of p(x). Is u(-3) a composite number?
False
Suppose -2*y - 7 = -2*b - 455, -4*y + b = -893. Suppose 8*s - 2919 = -y. Is s prime?
True
Let g(j) = -j**3 - 3*j**2 + 5*j - 3. Let l = 6 + 3. Let s = -14 + l. Is g(s) prime?
False
Let s(z) = -z**2 - 15*z - 8. Let k be s(-14). Is (k/(-8))/(15/(-16620)) a prime number?
False
Let a = 148 + -90. Is a*6/((-24)/(-94)) composite?
True
Let q = -159 + 353. Is q prime?
False
Is 14491 + 0 + -8 - (-2 + 6) a prime number?
True
Suppose o + 24 = 81. Let j = 154 + o. Is j composite?
False
Suppose 0 = -4*z + 4, r + 4*z - 593 = 3120. Is r composite?
False
Let w be 5*-1 - (-9 - 1). Suppose -2837 = -w*k - 4*f, f + 3 = 2*f. Is k prime?
False
Let g = -68 - -51. Let h(t) = -46*t - 33. Is h(g) a composite number?
True
Let v(y) = -4*y + 13. Let t be v(13). Is (-6)/t - (2 - (-4286)/(-26)) a prime number?
True
Let b(p) = 37*p - 11. Let z be b(11). Is -1 + z - (7 - 5) a prime number?
False
Let a be 20/(-30)*(-6)/2. Suppose 5*j - 5388 = a*j. Suppose -o = 3*o - j. Is o a prime number?
True
Let a(g) = -3*g + 13. Let b be a(3). Suppose r - 6*q - 157 = -3*q, 3*q = -b*